at is the greatest common divisor of 79032626 and 3386?
3386
Calculate the greatest common divisor of 28130 and 83665.
145
What is the highest common factor of 130 and 16418290?
10
What is the highest common factor of 169619710 and 68?
34
Calculate the highest common divisor of 884 and 1748042.
34
What is the greatest common divisor of 11 and 1460370142?
11
Calculate the highest common factor of 4480 and 9167680.
320
Calculate the highest common factor of 1577436 and 150.
6
What is the greatest common factor of 126900780 and 220?
20
Calculate the greatest common factor of 10164 and 284721591.
2541
Calculate the greatest common divisor of 591349980 and 90.
30
Calculate the greatest common factor of 64628871 and 1168.
73
What is the highest common factor of 514 and 27172867?
257
Calculate the highest common factor of 4866165 and 27.
9
Calculate the greatest common factor of 105024 and 4800.
192
Calculate the greatest common divisor of 24960 and 22490.
130
Calculate the greatest common divisor of 6416 and 2340236.
1604
Calculate the greatest common factor of 5423 and 1628209.
187
What is the highest common divisor of 1389781510 and 5330?
5330
What is the highest common factor of 425536606 and 22?
22
Calculate the greatest common divisor of 107478 and 10080.
126
What is the greatest common factor of 1290 and 180060?
30
What is the greatest common factor of 17723268 and 270?
18
What is the greatest common divisor of 15180 and 49577?
11
Calculate the highest common divisor of 5738044 and 17.
17
What is the greatest common factor of 6062472 and 155142?
11934
Calculate the highest common divisor of 1518 and 1590174.
138
Calculate the greatest common factor of 25 and 24489235.
5
Calculate the greatest common divisor of 90680 and 73000.
40
What is the greatest common divisor of 966204 and 684?
36
Calculate the greatest common divisor of 5155407 and 27.
27
Calculate the greatest common divisor of 5824 and 69686656.
832
What is the highest common factor of 3912 and 367770054?
978
What is the highest common divisor of 240884 and 3696?
28
What is the greatest common divisor of 8201 and 8240893?
139
Calculate the highest common factor of 30 and 189606135.
15
Calculate the greatest common factor of 3155111 and 3065.
613
Calculate the greatest common divisor of 53402768 and 97.
97
Calculate the highest common factor of 35471065 and 2555.
2555
Calculate the highest common divisor of 5534382 and 18.
6
Calculate the greatest common factor of 8227 and 1536530.
19
What is the highest common divisor of 4203 and 91269?
9
Calculate the highest common factor of 1923099 and 119193.
1779
Calculate the greatest common divisor of 27475129 and 1683.
11
Calculate the greatest common factor of 10 and 211032110.
10
What is the greatest common factor of 105 and 1128247281?
21
Calculate the greatest common factor of 18 and 1257242562.
18
What is the highest common divisor of 360 and 18173910?
30
What is the highest common divisor of 347136 and 1178624?
1024
Calculate the greatest common factor of 2730464 and 154.
22
What is the highest common divisor of 10754033 and 711?
79
What is the highest common divisor of 93808736 and 96?
32
What is the highest common divisor of 3132 and 521046?
54
Calculate the highest common divisor of 2257 and 11871881.
61
Calculate the highest common factor of 2937578 and 8988.
1498
Calculate the greatest common divisor of 24 and 78021472.
8
What is the highest common divisor of 4965401 and 1771?
161
What is the greatest common divisor of 14 and 118870388?
14
What is the greatest common factor of 42369296 and 128?
16
Calculate the greatest common factor of 31642693 and 82.
41
What is the highest common divisor of 501 and 2084604888?
501
What is the greatest common factor of 15761 and 19?
1
What is the highest common divisor of 293 and 84469849?
293
Calculate the greatest common divisor of 15681597 and 282.
141
What is the greatest common factor of 2777975 and 725?
25
Calculate the greatest common factor of 3239 and 3569615.
79
Calculate the greatest common divisor of 1490 and 47185.
5
What is the greatest common divisor of 10463320 and 7?
7
What is the greatest common divisor of 10983 and 105166932?
1569
What is the greatest common factor of 15 and 383310735?
15
What is the greatest common divisor of 131913247 and 13412?
479
Calculate the highest common factor of 5598982 and 295.
59
Calculate the highest common divisor of 6144294 and 24960.
78
Calculate the greatest common divisor of 35549907 and 4794.
2397
What is the highest common divisor of 43907 and 88159?
23
What is the greatest common factor of 18622 and 1286?
2
Calculate the greatest common factor of 5491 and 10990959.
289
What is the highest common divisor of 176085 and 398853?
819
What is the highest common factor of 84 and 1040158?
14
Calculate the greatest common divisor of 74191 and 46746037.
5707
What is the greatest common factor of 1817 and 4232583?
79
Calculate the greatest common factor of 307704923 and 793.
61
What is the greatest common divisor of 451 and 16427798?
41
Calculate the greatest common divisor of 1891578 and 74490.
78
Calculate the highest common factor of 20214517 and 2153.
2153
Calculate the highest common divisor of 227303158 and 7429.
391
What is the highest common divisor of 29473 and 401?
1
What is the highest common factor of 1044 and 24177648?
348
Calculate the greatest common factor of 4393 and 3524714.
191
What is the highest common divisor of 32506932 and 840?
12
What is the highest common divisor of 36324 and 401570901?
9081
Calculate the highest common factor of 139152741 and 169.
169
What is the greatest common divisor of 2512 and 416288?
16
Calculate the greatest common factor of 1255617 and 36.
9
Calculate the greatest common factor of 113628 and 45696.
204
What is the highest common divisor of 114 and 3473829318?
114
What is the highest common divisor of 382652 and 78590?
542
Calculate the highest common divisor of 102 and 45292250.
34
What is the highest common divisor of 11313973 and 6115?
1223
Calculate the highest common divisor of 156901404 and 536.
268
What is the greatest common factor of 2624562 and 1781838?
2754
What is the greatest common factor of 124 and 208986252?
124
What is the highest common divisor of 311666894 and 154?
154
Calculate the highest common divisor of 289356 and 51.
3
Calculate the highest common factor of 8680 and 11477192.
248
What is the highest common factor of 1734706 and 9890?
1978
Calculate the highest common factor of 5226 and 2297568.
78
Calculate the highest common factor of 20160 and 1301328.
1008
Calculate the greatest common factor of 837991141 and 17758.
8879
Calculate the highest common divisor of 2771 and 496026.
17
Calculate the greatest common factor of 1300 and 2882575.
25
Calculate the greatest common divisor of 187362 and 241899.
21
Calculate the greatest common divisor of 295277473 and 92.
23
What is the highest common factor of 112 and 997443384?
56
What is the greatest common divisor of 36160043 and 7?
1
Calculate the highest common factor of 1069075 and 19680.
205
Calculate the greatest common factor of 19330740 and 5940.
1980
What is the highest common factor of 103424 and 178176?
1024
Calculate the greatest common factor of 10270 and 67253095.
5135
What is the greatest common factor of 2301 and 76128?
39
Calculate the highest common divisor of 68796 and 1079676.
1404
Calculate the highest common factor of 2987 and 11107.
29
What is the greatest common divisor of 2392631 and 54057?
487
Calculate the greatest common factor of 45269 and 15386777.
1561
Calculate the greatest common divisor of 416 and 1112124.
52
What is the greatest common factor of 1450 and 841950?
50
Calculate the greatest common factor of 182246 and 4190486.
586
Calculate the greatest common factor of 69785716 and 59499.
6611
What is the highest common divisor of 26620080 and 480?
240
Calculate the greatest common divisor of 158 and 38486.
2
Calculate the highest common factor of 155 and 944623413.
31
Calculate the highest common factor of 15432 and 27008572.
2572
Calculate the highest common divisor of 3278 and 1008524.
22
What is the greatest common factor of 55571572 and 4522?
238
What is the highest common factor of 4920 and